 b(d) + 2*h(d). What is u(0)?
-4
Let x(l) = -1. Let v(s) = -s + 8. Let m(w) = -v(w) - 3*x(w). Give m(0).
-5
Let o = -22 - -24. Let y(x) = 4*x**2 - 4*x + 2. Calculate y(o).
10
Let a(o) be the third derivative of 0*o + o**2 - 1/60*o**5 + 5/24*o**4 - 1/120*o**6 + 0 + 2/3*o**3. Calculate a(-3).
7
Let b(o) = -o - 3 - 3 - 2 + 1. Let j(n) = -n - 6. Let c be j(-6). Calculate b(c).
-7
Let x(t) be the first derivative of 2*t**3/3 - 2*t**2 - 5*t - 6. Let j(d) be the first derivative of x(d). What is j(3)?
8
Let h(i) be the second derivative of i**5/20 - i**4/3 - 5*i**3/6 + 5*i**2/2 + 2*i. Suppose 3*x + 0 = 6. Suppose -x*b + 6*b = 20. Give h(b).
5
Let y = 11 + -14. Let o(i) = -4*i - 1. Calculate o(y).
11
Let z = 167/2 - 82. Let m(j) be the second derivative of z*j**2 + j - 1/6*j**3 + 0 - 1/12*j**4. What is m(0)?
3
Let r(m) = -78 + 37 + 39 + 3*m. Give r(3).
7
Let x(j) be the third derivative of -j**6/720 - j**5/24 + 5*j**4/12 - j**2. Let c(z) be the second derivative of x(z). Determine c(-3).
-2
Let w(q) = -q - 12. Let m(p) = 2*p + 25. Let o(a) = -3*m(a) - 5*w(a). Determine o(0).
-15
Let y(u) = 10*u**3. Let c be y(1). Let z = 5 - c. Let q(x) = -7*x**2 + 2*x + 1. Let w(s) = -11*s**2 + 3*s + 2. Let d(g) = z*w(g) + 8*q(g). Calculate d(0).
-2
Let o(j) = 2*j + 21. Let q be o(-14). Let p(k) = k**2 + 9*k + 5. Determine p(q).
-9
Let z(l) = 5*l + 1. Suppose 45 = 4*o - t, 0 = 3*o - 4*o + t + 15. Let v(d) = -d**2 + 11*d - 9. Let n be v(o). What is z(n)?
6
Let o(q) = q + 1. Let j(c) = -3*c - 1. Let u(g) = j(g) + 2*o(g). Let y = 8 + -6. Suppose -y*v - 2 = -0*v. Give u(v).
2
Let s = 10 + -6. Let z(u) = 5*u**2 - u + 2. Let g(h) = -9*h**2 + 3*h - 3. Let l = -12 - -8. Let w(o) = l*g(o) - 7*z(o). What is w(s)?
-6
Let l(q) = -q**3 - 7*q**2 - 7. Let u be (-6)/9 - 1/((-3)/(-19)). Calculate l(u).
-7
Suppose 4*l + 2 + 10 = -3*m, 3*m = 2*l + 6. Let r(t) = m*t**2 - 2*t - 6 + t**2 + 2. Suppose 7 = 2*j - b, 4*j - j - 10 = b. Determine r(j).
-1
Suppose 4*j = 26 + 2. Suppose -j - 6 = -2*q + 3*o, 0 = 5*q - 3*o - 19. Let y(t) = -5 - q + 5*t - 3*t. Determine y(5).
3
Suppose 2*c + 8 = 4*c. Let t(x) be the first derivative of x**3/3 - 2*x**2 - 5*x + 111. Give t(c).
-5
Let u(d) = 1 - d**2 - 4*d + 3 - 4*d**2 - d**3. Suppose 1 + 3 = 2*j. Suppose -h - j*h - 12 = 0. Give u(h).
4
Let n(y) = -4*y + 12. Let p(h) be the first derivative of -h**2/2 + h + 3. Let u(z) = n(z) - 3*p(z). What is u(0)?
9
Suppose 6*m - 10 = m. Let s(y) = y**3 + 3*y**2 - 4*y - 2. Let x(w) = -3*w**2 + 3*w + 1. Let f(a) = 2*s(a) + 3*x(a). Determine f(m).
5
Let c(x) = 4*x - 1. Let m(y) = -y**3 - 11*y**2 + 2*y + 16. Let u be m(-11). Let q = -4 - u. Calculate c(q).
7
Let c(k) = 2*k - 5. Let v be 8/(-36) - (-104)/(-18). Determine c(v).
-17
Let q(b) = b**3 + 5*b**2 - 2*b + 7. Let u = 15 - 21. Give q(u).
-17
Let f(g) = -9*g + 4. Let d(r) = -4*r + 2. Let m(p) = -7*d(p) + 3*f(p). Suppose -t - 3*t + 5*w + 12 = 0, 0 = -5*w. Give m(t).
1
Let r(b) = -b**3 + 4*b**2 + b + 1. Let i = -25 + 21. Let o(w) = w**2 + 1. Let x(z) = i*o(z) + r(z). Give x(0).
-3
Suppose 3*v - 17 = 4*v - 4*j, 0 = -3*v + j - 18. Let a(f) = f. Let c(w) = w - 6. Let l(m) = -2*a(m) + c(m). What is l(v)?
-1
Suppose 0 = o + 5*m + 4, 3*o = o - 4*m - 2. Let s(x) = 34*x - 20*x + 24*x - 3. Let b(d) = 25*d - 2. Let i(w) = -8*b(w) + 5*s(w). What is i(o)?
-9
Let s(i) be the second derivative of i**5/20 - 5*i**4/12 - i**3/2 + 7*i**2/2 + 15*i. Give s(5).
-8
Let u = 41 + -43. Let m(t) = 5*t + 3. Determine m(u).
-7
Let a(z) be the second derivative of 2*z - 1/12*z**4 + 0 - 2/3*z**3 + 0*z**2. Give a(-4).
0
Suppose -2*y - 3 = y. Let r(g) be the third derivative of 7*g**6/120 - g**5/60 - g**4/24 + g**2. Give r(y).
-7
Let v be (-1)/((2 - 1)/2). Let j(n) = 2*n - 7. Suppose b - 1 = 6. Let k(i) = 2*i - 6. Let d(h) = b*k(h) - 6*j(h). Give d(v).
-4
Let z(r) = r**3 - 5*r**2 - 3 + 6 - 5*r - 7. What is z(6)?
2
Let f(v) = v**2 - v + 5. Let u be (-3)/(-6) + 5/(-2). Let g = 20 - 18. Let s = g + u. What is f(s)?
5
Let c(v) = -2*v**3 + 1 - 86*v - v**2 + 86*v. Determine c(1).
-2
Let o(i) = 3*i + 3. Suppose -3*m + 5 = 2*m. Let c be -2 + (m + 0 - 2). What is o(c)?
-6
Let j(o) = -2*o**2 + 10*o - 2. Let f(w) = -3*w**2 + 19*w - 3. Let c(s) = 3*f(s) - 5*j(s). What is c(-6)?
-5
Let c(b) = 1 - b + 2*b + 1. Suppose 16 = 3*p - 2. Let h(g) = -g**3 + 5*g**2 + 6*g + 3. Let n be h(p). Determine c(n).
5
Let w(g) = g**2 + 6*g + 6. Suppose -49 = -3*t - 2*k, -5*t + 4*k + 15 = -30. Suppose 4*p = -0*u + 3*u + 16, 3*p + t = -4*u. Give w(u).
-2
Let b(k) be the third derivative of k**4/6 + k**3/6 - 20*k**2. Determine b(1).
5
Let d(r) = -7*r**3 - 5*r**2 - 4. Let b be ((-1)/(-4))/((-7)/(-140)). Let g(t) = -4*t**3 - 2*t**2 - 2. Let u(o) = b*g(o) - 3*d(o). What is u(-5)?
2
Let s(a) = -10*a**2 + a + 8 - 7 + 9*a**2. What is s(4)?
-11
Let k(h) = 18*h - 1 - 3*h**2 + 2*h**2 - 13*h. What is k(4)?
3
Let g(x) be the first derivative of -3*x**2/2 - 3*x + 6. Determine g(-3).
6
Let f(i) = i**3 - 1. Let p = 0 + -2. Let t(l) = 3*l**3 + l**2 + l + 3. Let o(c) = p*f(c) + t(c). Give o(0).
5
Let p(q) be the second derivative of -1/12*q**4 - 1/2*q**3 + 0 - q**2 - q. Calculate p(-2).
0
Let d(u) be the third derivative of u**6/60 + u**5/30 - u**4/12 - 19*u**2. Suppose 4*j + 12 = 4. Give d(j).
-4
Let c(m) = 3*m**2 - m - 3. Let v(r) = r - 14. Let d be v(19). Let y(a) = 4*a**2 - 3. Let w(j) = d*c(j) - 4*y(j). Determine w(-3).
3
Let g(k) = -k**2 + k - 1. Let l be (-3)/3 - (1 + -2 + 4). Determine g(l).
-21
Suppose -4*q = -0*q - 8. Let p(j) = -3*j**2 + j + 1 - j. What is p(q)?
-11
Let d(w) = w + 6. Let j be (-3)/(-1) + 2/(-2). Suppose 3*v - j*k + 30 = -5*k, 3*v + 22 = -k. What is d(v)?
0
Let t be (-6)/27 + (-4)/(-18). Suppose t = 5*g - f - 7, -f + 17 = 4*g + 2*f. Let x(h) = 4*h**2 - h**3 - 6*h**2 + 6 + 3*h**g + 6*h + 4*h**2. Calculate x(6).
6
Let v(r) = 4*r - 1 + 4*r**3 - 3*r**3 - 7*r + 3*r**2. Determine v(-4).
-5
Suppose 3*n - 4 = 2. Suppose -4*d + 17 = w, 5*w - n*d - 2*d + 11 = 0. Let x(a) = -6*a + 1. Determine x(w).
-5
Let s(g) = -g**3 + 1 - 2*g**2 + 2 + g**2. Suppose 5*l = 7*l. Calculate s(l).
3
Let f = 47 - 52. Let q(w) = 12*w**2 + 3*w - 4*w - 6*w + 1. Let n(l) = 11*l**2 - 6*l + 1. Let t(v) = f*q(v) + 6*n(v). Calculate t(1).
6
Let i(b) = b + 6*b**3 - b**2 + 0*b - b**2. Let w(h) = -h + 1. Let p(j) = j**3 - 6*j**2 - j + 6. Let q be p(6). Let m be w(q). Give i(m).
5
Let w(f) = 2*f**2 - f - 4. Let x(i) = 8 - 4*i**2 - i + 4*i + i**2. Let h(c) = -5*w(c) - 3*x(c). Let y = 5 - 8. Give h(y).
-1
Let a(s) = s**2 + 6*s - 5 - 2*s - 2*s**2 + 4*s. Calculate a(8).
-5
Let u(k) = k**3 - k**2 - 2. Suppose 0 = 4*v - 2*v + 6. Let n be 0*((-5)/2 - v). Give u(n).
-2
Let p = -13 - -16. Let r be (p/2)/(3/(-4)). Let o(d) = 0 - 3 - 2*d - d**3 - 2*d**2 + 1. Calculate o(r).
2
Let g(k) = k**2 + 2*k - 2. Suppose -2*j = 3*o - 18, -3*j - 26 = -7*j - o. Let a be (-16)/j*-3 - 0. Suppose -a = 2*w - 0*w. Give g(w).
6
Let a(f) = -f**2 + 7*f - 1. Let o(d) be the second derivative of d**5/20 + 2*d**4/3 + d**3 - d**2 + 4*d. Let z be o(-7). Give a(z).
9
Let d(z) = -z**2 - 7*z - 7. Let g be d(-5). Suppose 4 = -g*i - 5*a + 4*a, -4*i - 4*a - 16 = 0. Suppose -3*q = -i + 9. Let w(m) = -3*m - 3. Calculate w(q).
6
Let n(d) = d**3 + d**2 - 3*d + 3. Let i be n(-3). Let q(x) be the second derivative of -7/2*x**2 - x + 0 + 1/20*x**5 + 2/3*x**3 + 7/12*x**4. Give q(i).
5
Let d(x) be the second derivative of 5*x**3/2 - 15*x**2/2 + 3*x. Let l(b) = 7*b - 7. Let y(h) = -6*d(h) + 13*l(h). Let n be 1/2 + 72/16. What is y(n)?
4
Let d be (2 + -2)*(0 + 1). Let g(w) = w**3 - 12. What is g(d)?
-12
Let t(n) = n**2 + n - 10. Let w(k) = 4*k**3 - 3*k**2 + 1. Let u(h) = h**3 - h + 1. Let i(b) = -3*u(b) + w(b). Let a be i(2). What is t(a)?
-10
Suppose -k - 5*k - 24 = 0. Let j(u) = u**2 - u + 1. What is j(k)?
21
Let m(y) be the second derivative of y**5/20 - y**3/6 + 7*y**2 + y - 21. Determine m(0).
14
Suppose 3*f - 2*f = 5. Let h(i) be the third derivative of i**5/120 - i**4/8 - i**3/3 + i**2. Let d(g) be the first derivative of h(g). Determine d(f).
2
Let v(z) = z**3 - 5*z**2 + 5*z - 1. Let w be v(4). Suppose 0 = 4*p - 5*d + 2*d + 18, -5*d + 1 = w*p. Let h(k) = k**2 + 3*k + 3. Determine h(p).
3
Let w(m) be the first derivative of m**4/4 - 2*m**3/3 + 3*m**2/2 + 2. Let z be 4/(-6)*(1 + 5). Let l = -2 - z. Give w(l)